 - -2?
221200
In base 4, what is 31203 + 11?
31220
In base 3, what is -10011 + 11011?
1000
In base 8, what is 134545 + -3?
134542
In base 4, what is 102 - 100?
2
In base 14, what is 2a0 + 1?
2a1
In base 3, what is 12221 - -1?
12222
In base 6, what is 1 - -402?
403
In base 14, what is -3 - 18?
-1b
In base 15, what is -1 + -730?
-731
In base 3, what is 11 - 21202?
-21121
In base 4, what is 10022 - -211?
10233
In base 13, what is -c + -4?
-13
In base 16, what is 17 - -1a4?
1bb
In base 8, what is -3 - -7443?
7440
In base 15, what is -58e - 1?
-590
In base 15, what is -2 + 37?
35
In base 3, what is 2121 + -1?
2120
In base 15, what is 14 + 9?
1d
In base 6, what is -151 + 2?
-145
In base 14, what is 3 + 70?
73
In base 6, what is 211 + 24?
235
In base 3, what is 12 + -1002020?
-1002001
In base 13, what is -5 + -3?
-8
In base 9, what is 58 - -11?
70
In base 9, what is -21 + -66?
-87
In base 16, what is c0c - -2?
c0e
In base 14, what is -3 - 267?
-26a
In base 5, what is 124 + 103?
232
In base 6, what is -15 - -4?
-11
In base 6, what is -244 - 13?
-301
In base 7, what is -526 - -21?
-505
In base 14, what is -51 - -2?
-4d
In base 2, what is 1 - 101001100110?
-101001100101
In base 5, what is 0 - 34001?
-34001
In base 10, what is -68 + -3?
-71
In base 8, what is -45 + -4?
-51
In base 13, what is -1a - 6?
-23
In base 7, what is 102 + 2?
104
In base 13, what is -431 + -17?
-448
In base 15, what is 1546 + 0?
1546
In base 9, what is -2761 - -4?
-2756
In base 9, what is -2 + 3367?
3365
In base 3, what is -101 - -122?
21
In base 13, what is -12 + 15?
3
In base 2, what is 10 + -101011010010?
-101011010000
In base 10, what is 1 + 3688?
3689
In base 10, what is 4 + 108?
112
In base 5, what is 300 + -3?
242
In base 7, what is -106 + 565?
456
In base 16, what is 1 - 321?
-320
In base 15, what is 0 - -2c?
2c
In base 13, what is 274 - 0?
274
In base 8, what is 471 - -2?
473
In base 6, what is 1035 - -23?
1102
In base 13, what is 0 - -6b?
6b
In base 5, what is -1 - 2302?
-2303
In base 15, what is -4 + 17c?
178
In base 12, what is -30 - 28?
-58
In base 2, what is -1010100101 + 0?
-1010100101
In base 10, what is -2 - -41?
39
In base 16, what is 14f + -29?
126
In base 15, what is -2 + 14c?
14a
In base 5, what is 14 + -2233?
-2214
In base 6, what is 4324 + 4?
4332
In base 5, what is -141 - 2?
-143
In base 16, what is 5 - -17?
1c
In base 5, what is 10 + 41?
101
In base 10, what is 3 + -27?
-24
In base 15, what is 523a - -1?
523b
In base 4, what is 31120 + 11?
31131
In base 10, what is 4 + 63?
67
In base 13, what is 45 + -19?
29
In base 3, what is 201220 + -11?
201202
In base 13, what is 136 + -3?
133
In base 5, what is 434 - 14?
420
In base 11, what is 17591 - -1?
17592
In base 3, what is -20 + -212011?
-212101
In base 5, what is 224 + 13?
242
In base 4, what is -302 + 210?
-32
In base 2, what is -111100 - 1000?
-1000100
In base 15, what is -3d - -2?
-3b
In base 7, what is -605 - -5?
-600
In base 16, what is 11 + -10?
1
In base 8, what is 5 + -336?
-331
In base 14, what is 5a - a?
50
In base 5, what is -140 + -34?
-224
In base 9, what is 10615 + 1?
10616
In base 10, what is -40 + 27?
-13
In base 2, what is -111 - 10010?
-11001
In base 8, what is -164 - 177?
-363
In base 8, what is -6 - 7?
-15
In base 2, what is -10 - -11001?
10111
In base 16, what is -8 + -24?
-2c
In base 9, what is 5 - 33?
-27
In base 10, what is 5 - -211?
216
In base 13, what is 2952 + 0?
2952
In base 4, what is -20 + 23212?
23132
In base 10, what is -4449 + 2?
-4447
In base 11, what is -4 + 55?
51
In base 14, what is -d54 + 1?
-d53
In base 2, what is -110000 - 0?
-110000
In base 14, what is -5 + -298?
-29d
In base 7, what is 263 + 0?
263
In base 7, what is -1303 - 4?
-1310
In base 5, what is 41330 - 0?
41330
In base 6, what is -11120 - 2?
-11122
In base 11, what is -1a4 + -2?
-1a6
In base 2, what is -11111110 - 11010?
-100011000
In base 6, what is -105111 + -3?
-105114
In base 9, what is 1455 + 0?
1455
In base 10, what is -11 - -2?
-9
In base 16, what is -f0 + -7?
-f7
In base 16, what is 0 - -124?
124
In base 14, what is -12 + -5?
-17
In base 14, what is 0 - 1c?
-1c
In base 4, what is -201 + 212?
11
In base 5, what is -2 - 1000?
-1002
In base 15, what is -c + -4e?
-5b
In base 7, what is 11 + 130?
141
In base 7, what is 1 - -11?
12
In base 6, what is 11113 - -5?
11122
In base 5, what is -2 - -1041?
1034
In base 5, what is 12 + 14?
31
In base 12, what is -651 - 4?
-655
In base 5, what is 24 + -201?
-122
In base 14, what is -c + -18?
-26
In base 3, what is 11 - -1110211?
1110222
In base 3, what is -1120 - 112?
-2002
In base 7, what is 324 - -3?
330
In base 4, what is -3111 + -31?
-3202
In base 4, what is -1233 - 10?
-1303
In base 7, what is -250 + 10?
-240
In base 13, what is -6a - -4?
-66
In base 3, what is -110 + 222?
112
In base 3, what is 1 - 1020?
-1012
In base 7, what is 2 + 10664?
10666
In base 2, what is -100011000 + 11?
-100010101
In base 8, what is -3 + -2541?
-2544
In base 2, what is -10100000 - -100?
-10011100
In base 6, what is 12413 - 4?
12405
In base 5, what is -103202 + -3?
-103210
In base 8, what is -13016 + 3?
-13013
In base 3, what is 110 + 12?
122
In base 7, what is 13225 - 5?
13220
In base 13, what is 1 + a1?
a2
In base 5, what is 131 + 333?
1014
In base 10, what is 261 + 9?
270
In base 12, what is 0 + 59?
59
In base 2, what is -10110 + -1110111?
-10001101
In base 12, what is 68 - 6?
62
In base 15, what is -21 - 18?
-39
In base 8, what is 17 - -502?
521
In base 16, what is 11 - 17?
-6
In base 14, what is b + a9?
b6
In base 15, what is 4 + d2?
d6
In base 11, what is 11 + 2?
13
In base 3, what is -212 + 111?
-101
In base 11, what is -95 + 2?
-93
In base 5, what is 314 - 31?
233
In base 12, what is 19 + 60?
79
In base 2, what is 100 + 10001001101?
10001010001
In base 3, what is -110000112 + 10?
-110000102
In base 6, what is -1 - 342?
-343
In base 2, what is -1 - 10100?
-10101
In base 6, what is 135 + -1?
134
In base 8, what is -2 + -162?
-164
In base 7, what is 44 + 1040?
1114
In base 13, what is 61 + 6?
67
In base 3, what is 0 + 10101?
10101
In base 10, what is 155 - -3?
158
In base 2, what is -100 - -11101100?
11101000
In base 3, what is -20022002 - 2?
-20022011
In base 9, what is -28 + 4?
-24
In base 6, what is 45 - -101?
150
In base 2, what is -100 + 1000010110?
1000010010
In base 6, what is 11 + 333?
344
In base 16, what is -3 - -27?
24
In base 13, what is 0 + 4c?
4c
In base 14, what is 1 + 64?
65
In base 16, what is 23 - -3?
26
In base 6, what is -1 + 1501?
1500
In base 12, what is -2 - 67?
-69
In base 8, what is -3 - -5?
2
In base 4, what is 2 + -21302?
-21300
In base 3, what is 10 - 11210?
-11200
In base 9, what is 255 - -3?
258
In base 14, what is -865 - 1?
-866
In base 3, what is 202101 - -10?
202111
In base 5, what is -142 + 10?
-132
In base 4, what is -1 - 12?
-13
In base 11, what is 105 - 10?
a5
In base 8, what is 2 - 4?
-2
In base 6, what is 3 + -2050?
-2043
In base 4, what is 123 - 100?
23
In base 6, what is 52 + 5?
101
In base 7, what is -153 + -1?
-154
In base 11, what is 42 + 4?
46
In base 2, what is -1001 + -1001?
-10010
In base 10, what is -8 - 45?
-53
In base 14, what is 3 - 8d?
-8a
In base 8, what is -23 - 0?
-23
In base 13, what is 90 - -a?
9a
In base 2, what is 1 + 100010?
100011
In base 14, what is -227 + 2?
-225
In base 15, what is 6 - -b6?
bc
In base 5, what is 33422 + -2?
33420
In base 13, what is 5 + -cc?
-c7
In base 9, what is 2 + 5?
7
In base 3, what is 2 + -1120?
-1111
In base 11, what is 75 - -10?
85
In base 3, what is 22 - 12010?
-11211
In base 15, what is 12c + -13?
119
In base 4, what is -330 - -1?
-323
In base 12, what is -1a + 140?
122
In base 16, what is 1 - 46?
-45
In base 15, what is 9 - 36?
-2c
In base 16, what is -3 + 11e?
11b
In base 11, what is 3 - -203?
206
In base 3, what is 0 - 100121?
-100121
In base 5, what is 1112 + -10?
1102
In base 11, what is -3 - 507?
-50a
In base 3, what is -11011 + 21?
-10220
In base 10, what is 4408 - 1?
4407
In base 2, what is 101 - 11001110110?
-11001110001
In base 11, what is 1432 + -a?
1423
In base 15, what is 3346 - -2?
3348
In base 15, what is -8 - -212?
209
In base 15, what is -3 - -3a?
37
In base 16, what is f35 - 1?
f34
In base 2, what is -100 + 10100100101?
10100100001
In base 9, what is 15 - -10?
25
In